of v and 18.
6
Suppose -3 = -3*a + 12. Suppose -3*z + a*w - 21 + 4 = 0, 2*w = 8. Let i be (-5 - -2) + 1*5. What is the highest common divisor of i and z?
1
Let i(p) = 2*p**2 - 3*p + 35. Let x be i(5). Calculate the highest common factor of x and 595.
35
Suppose -45*f + 5*f + 600 = 0. What is the highest common factor of 5 and f?
5
Let d(l) = 3*l + 879. Let a be d(29). What is the highest common factor of 42 and a?
42
Let d(v) = 8*v**3 + 5*v**2 - v - 3. Let m be d(1). Calculate the greatest common factor of m and 12.
3
Let i be 38/14 + (-4)/(-14). Suppose -2*w = -w - i. Suppose -53 = -h + w. Calculate the greatest common factor of h and 8.
8
Let i be (1/(-1))/(4/12). Let z(k) = -k**2 - 5*k + 1. Let l be z(i). Suppose 4*d - 179 = 129. What is the highest common factor of d and l?
7
Let j be 20 - (8 + -7)*(2 + -1). Let f = 31 + j. Calculate the greatest common divisor of f and 10.
10
Let a(c) = 8*c + 4. Let m be a(-4). Let f be 6*7/(m/(-40)). Let y = 3 + 17. Calculate the greatest common divisor of y and f.
20
Let h = 466 - 406. Let s = 3 + 9. What is the greatest common divisor of h and s?
12
Suppose -177*c + 181*c - 52 = 0. What is the greatest common divisor of 4 and c?
1
Let k = -52 + 35. Let f = k - -27. Suppose 5*b + 55 + 10 = 3*c, -4*c + 4*b + 76 = 0. What is the greatest common factor of f and c?
5
Suppose 0 = -2*u + 12*u + 90. Let y be -7 + 1210/18 - (-2)/u. What is the greatest common divisor of y and 12?
12
Suppose 3*b + 60 = -3*s + 7*s, -1 = b + 5*s. Let c be 67 + 0 + 32/b. Calculate the highest common divisor of 26 and c.
13
Let h(c) = 14*c - 5. Let r be h(1). Suppose -49 = -4*p + 5*f, p - 2*p - 3*f - r = 0. Calculate the highest common divisor of 1 and p.
1
Suppose 24 = -x - 5*x. Let d be ((-45)/x + -4)*16. Suppose 5*f = 4*y - y + 104, 3*y = -5*f + d. Calculate the greatest common factor of 220 and f.
22
Suppose m = -2*y + 25, -2*m + 97 = -3*y + 19. What is the greatest common divisor of m and 12?
3
Suppose 90*x + 15 = 95*x, -x - 213 = -3*k. Calculate the highest common factor of 28 and k.
4
Let u = 2604 + -1476. Calculate the greatest common divisor of 24 and u.
24
Let z = 648 + -642. Suppose -2*r + 5*q + 89 = 0, -q - 35 = -2*r + 50. Calculate the greatest common divisor of z and r.
6
Let k(h) = -h**2 - 4*h - 5. Let g be k(0). Let p be ((5/(-3))/g)/(4/1716). What is the highest common divisor of 11 and p?
11
Suppose 0 = -l + 4*d + 57, -11*l + 14*l + 5*d - 205 = 0. Suppose -4*b + 5*j = -119, -4*b - j + 101 = -0*j. Calculate the greatest common divisor of l and b.
13
Let p = 1223 - 1199. Calculate the greatest common divisor of 18 and p.
6
Let r = -270 - -602. Let q be r/14 - (-4)/14. Suppose -5*d - 70 = -100. Calculate the highest common factor of q and d.
6
Suppose -5*k - 3*h + 10 = 0, 0 = -2*k + 3*h - 0 + 4. Let r(d) = d**2 + 2*d - 17. Let q = -6 - 1. Let l be r(q). What is the greatest common factor of l and k?
2
Let u(o) = -152*o - 289. Let q be u(-2). Let s be (3/2)/((-1)/(-10)). What is the highest common factor of s and q?
15
Suppose 5*x - 4*x = g + 3, -4*x = 12. Let d be -1 - (g/24 - (-2277)/(-12)). Calculate the highest common factor of 27 and d.
27
Suppose -16*m + 1295 + 1633 = 0. Let d(q) = 4*q**3 - q**2 - q - 3. Let n be d(-3). Let o = m + n. Calculate the greatest common factor of o and 33.
33
Suppose 30 + 150 = 12*m. Calculate the greatest common factor of 255 and m.
15
Suppose 3*m = -3*l + 207, -4*l - 28*m + 255 = -31*m. What is the highest common divisor of l and 78?
6
Suppose -9*n + 191 = -79. Calculate the highest common divisor of 270 and n.
30
Let h be (-40)/(-4)*(-960)/(-100). Let f be (9 - 2/(-2)) + 2. What is the greatest common factor of f and h?
12
Suppose 4*g = -3*k + 32, 7*k - 14 = 6*k - 2*g. Let s = -27 + 59. What is the greatest common factor of s and k?
4
Let u be 4/22 + (-4842144)/(-1518). Calculate the highest common divisor of 22 and u.
22
Let m be -1384*(-1)/5 - (-48)/(-60). What is the highest common divisor of 12 and m?
12
Let n be 413 + (-1 - -3) + -7. Calculate the greatest common factor of 51 and n.
51
Suppose 0 = 3*j + 2*w - 1 - 4, 4*j = 4*w + 40. Calculate the highest common divisor of 55 and j.
5
Let y = 13 - -5. Let t(j) = -5*j - 30. Let h be t(-9). Let f = 27 - h. Calculate the highest common divisor of f and y.
6
Suppose 570 = 24*m - 126. Let b be (85 + 2)*(-3)/(-9). What is the highest common factor of b and m?
29
Let p be (-68)/3 - 8/(-12). Let m = p + 31. What is the greatest common divisor of 27 and m?
9
Let a = 71 + -38. Let m(p) = 5*p - 20. Let z be m(5). Suppose 0 = -5*g - z, -5*g + 2*g + 19 = 2*v. What is the greatest common divisor of a and v?
11
Let w be (-7 + 2 - (20 - 23)) + 849. What is the highest common divisor of w and 363?
121
Suppose -2192 = -5*y + 2*n, -2*y + n - 422 + 1299 = 0. Suppose -2*j + 488 = -y. Suppose j = 5*a + 13. Calculate the greatest common divisor of a and 10.
10
Let k be 116/6 - ((-14)/3 - -4). Let a = k - 12. Suppose u + r + 3*r = 92, 0 = -4*u - 5*r + 357. Calculate the greatest common factor of a and u.
8
Let o = 247 - 235. What is the greatest common divisor of 12 and o?
12
Suppose -4*w + 2*o = -25 - 3, -5*w + o = -32. Let r = 4 + -7. Let f = r - -5. Calculate the highest common factor of w and f.
2
Suppose 0 = -113*q + 106*q + 98. Calculate the highest common divisor of 119 and q.
7
Let m = -36 + 57. Suppose f = -5*p + 10, 0 = -3*f - f - 2*p + 58. Let j be 0/3 + -1 + f. What is the greatest common factor of m and j?
7
Let i be (33/2)/(2/12). Suppose 3*r - 27 = 2*j + i, 0 = -4*j. Let h(u) = -u**2 - 17*u + 262. Let o be h(9). What is the highest common factor of o and r?
14
Suppose 5*h - 5*a = 7670, -6*h - 3*a = -7*h + 1534. What is the highest common factor of h and 52?
26
Let o(z) = 3*z + 26. Let j be o(-8). Suppose -1 - 5 = -j*y. Calculate the highest common divisor of 12 and y.
3
Suppose 0 = 5*i, 31*i + 33 = s + 28*i. What is the greatest common factor of 319 and s?
11
Let q(n) = 70*n + 26. Let s be q(4). What is the highest common factor of s and 36?
18
Let u(v) be the second derivative of 5*v**3/6 + v. Let k be u(-1). Let l be 1 + 2 + k + 14. What is the highest common factor of 18 and l?
6
Suppose c + 0*c = 3*b - 144, 44 = b + c. Suppose -2*p + 43 = -b. Calculate the highest common divisor of p and 5.
5
Let t be 73/4 - (-2)/(-8). Suppose 0 = -6*q + 3*q + 9. Suppose -q*r + t = -18. What is the greatest common factor of 36 and r?
12
Let z = 47 - 25. Let v(h) = -193*h - 1109. Let q be v(-7). Calculate the greatest common factor of z and q.
22
Let d(q) = 2*q**2 + 4*q + 2. Let l be d(-7). Let w = -60 + l. What is the greatest common factor of w and 132?
12
Suppose 15*m = 21*m - 108. Suppose -c - 4*c + 50 = -5*z, -4*c + z = -31. Let a be (-1)/c - (-2270)/14. What is the highest common divisor of m and a?
18
Let f = 529 - 53. Calculate the highest common factor of 34 and f.
34
Let p(y) = 2*y - 58. Let s be p(0). Let u = s - -175. What is the highest common factor of 13 and u?
13
Let s = 438 - 398. What is the highest common divisor of 40 and s?
40
Let a be (-42)/(-35)*(-60)/(-2). What is the highest common factor of a and 1188?
36
Let u = -150 - 12. Let w be (0 + -2)/(-7 + u/(-24)). Calculate the greatest common divisor of 40 and w.
8
Let c be (4 + (-52)/12)*-6. Suppose -2 = -j + c. Suppose j*v - 3*t = 573, -v - 63 + 215 = t. Calculate the greatest common factor of 21 and v.
21
Let v = -607 + 663. What is the greatest common divisor of v and 308?
28
Let u = 55 - 27. Let x be 1/(-4) - (-259)/u. Calculate the highest common divisor of x and 9.
9
Let t(g) = g**3 + 10*g**2 + 3*g + 28. Let a be t(-6). Calculate the greatest common factor of a and 42.
14
Let b = -10 - -15. Suppose -b*l + 0*l = 20. Let d(i) = i**2 + 3*i + 1. Let h be d(l). Calculate the highest common factor of h and 15.
5
Let n be (-1 - (-52)/60) + 6484/30. What is the highest common factor of n and 24?
24
Suppose 4*z = 8, -5*z + 401 = 3*r - 194. What is the highest common divisor of 325 and r?
65
Let a = 291 - 183. Let p(f) be the second derivative of -f**3/3 + f**2 - 10*f. Let b be p(-5). Calculate the highest common factor of b and a.
12
Let d(w) = 5*w - 144. Let m be d(32). What is the greatest common divisor of m and 2?
2
Let c(g) = g**2 + 30*g - 2. Let t be c(-30). Let j be t - ((